w(u)?
1
What is the units digit of -391 - -387 - (1 + (-1814 - 1))?
0
Let o = 8 - 14. Let x be 8/(-2*2/o). Let y = x - -14. What is the tens digit of y?
2
Let v = -3585 + 6841. What is the units digit of v?
6
What is the hundreds digit of (-3054)/(16/(48/(-6)))?
5
Let u(w) = -7*w - 19. Let y(f) = f**3 - 15*f**2 + 26*f - 9. Let b be y(13). What is the units digit of u(b)?
4
Suppose -4*g - 16 = 0, a + 16*g - 14*g = 465. What is the tens digit of a?
7
Suppose 4*o + 5*z - 34 = -13, 0 = o + 3*z. What is the units digit of (-6)/(-27) + 52/o?
6
Suppose -s = 12 - 5. Let x(b) = b**3 + 9*b**2 + 6*b + 2. Let w be x(s). Suppose 2*r - 5*r = 0, 2*y - 5*r - w = 0. What is the units digit of y?
9
Suppose -4*c + 448 = -0*c. What is the tens digit of c?
1
Let p = 78 - 75. Suppose p*m - 882 = -5*j, 0 = -2*m + m - 1. What is the units digit of j?
7
Let y = 9 - 21. Let m be (y/5)/(14/(-315)). Let k = m + -36. What is the units digit of k?
8
Let f be ((-11)/(-22))/(2/(-72)). Let k = -16 - f. What is the units digit of (4 - k)*(-13)/(-2)?
3
Let o(p) be the first derivative of 2*p**3/3 - 2*p**2 - 7*p - 1. Suppose 4*c + 4*u = -16, 0*c - c - 7 = 4*u. What is the units digit of o(c)?
3
Let v = 9032 - 5914. What is the tens digit of v?
1
Let q = 6043 - 9758. What is the units digit of (-2)/(-8) + q/(-20) + 2?
8
Let v(q) = 6*q**2 - 5*q. Let r(z) = -3*z**3 - 2*z**2 + 1. Let a be r(-1). Let b be v(a). Let c = 27 - b. What is the units digit of c?
3
Suppose -k - 3*k + 92 = 0. Let w = -21 + k. Suppose w*i + 3*i - 100 = 0. What is the units digit of i?
0
Let o = -21 + 22. Suppose -3*u + o = -14. Suppose -24 = 3*s - u*s. What is the tens digit of s?
1
Suppose 19*r - 24*r - z + 90 = 0, -z = -r + 24. What is the tens digit of r?
1
Suppose -5*h - 9055 = -5*b, 17*b - 15*b - h - 3626 = 0. What is the thousands digit of b?
1
Suppose 32 = 97*s - 101*s. What is the units digit of 2/s - 2595/(-12)?
6
Let h(m) = -3*m**2 + m**2 + 3*m**2 - 2*m + 0*m**2 + 3. Let q be h(0). Suppose 50 = -u + q*u. What is the tens digit of u?
2
Suppose 1467 + 4133 = 14*x. What is the tens digit of x?
0
Suppose 20 = -5*p - 5*a, a = p + 2 - 0. Let w be (-3 - -6)/3 - p. Suppose -w*f = -2*m - f + 8, 0 = -4*m + 3*f + 28. What is the tens digit of m?
1
Suppose 21*q - 5654 = 14044. What is the units digit of q?
8
Let z(o) = o**3 - 11*o**2 + 14*o + 16. Let w be z(12). Suppose 10*l + w = 6*l. Let t = -53 - l. What is the units digit of t?
9
Let f be 88/(-15) - (-2)/(-15). Let x be 5/6 + (-1)/f. Let c(h) = 20*h**2 + 2*h - 1. What is the units digit of c(x)?
1
Let m(g) = 3*g**2 + g. Let q be m(-2). Let d = q - 20. Let j = d + 36. What is the tens digit of j?
2
Let o = 1 - 1. Suppose k - 19 + 1 = o. What is the units digit of (k/(-5))/((-4)/10)?
9
Let t be 6/51 - (-801)/(-17). Let w = 64 - t. What is the hundreds digit of w?
1
Let a be (12/4)/(1533/762 - 2). What is the units digit of (a/(-4) + -1)*-2?
9
Suppose -2*h = 2*v - 392, -4*h = -32*v + 31*v + 191. What is the tens digit of v?
9
What is the units digit of 4 - (-1744)/(-8 + 12)?
0
Let b be (-1)/(-2) + (-2625)/(-30). Let k = -59 + b. What is the tens digit of k/(-2)*-2 + -3?
2
Let q(a) = 24*a - 13*a - 17*a - 24. What is the units digit of q(-18)?
4
Suppose -a - 14*m = -6*m - 954, -4 = -m. What is the units digit of a?
2
Suppose -3*g + 6*g + 4*f - 274 = 0, 0 = -3*g + 4*f + 314. Let a = g - 17. What is the units digit of a?
1
Suppose -b + 6*b + 15 = 0. Suppose -5*o - c + 6 = -0*o, -24 = -4*o + 4*c. What is the units digit of o + -3 - (-7 + b)?
9
Let x(d) = d**2 - 8*d - 3. Let y = 24 - 17. Let j be x(y). What is the tens digit of j*((-5)/10 + -3)?
3
Let h be (85/10 - 5)*-2. Let d(s) = -9*s - 38. What is the tens digit of d(h)?
2
Let a(x) = -166*x - 81. What is the hundreds digit of a(-4)?
5
Let n(z) = 1572*z + 6. Let y be n(-1). What is the tens digit of 22/(-14) + 2 + y/(-21)?
7
Suppose 4*r - i - 36 = 0, -4*r = -r + 2*i - 16. Suppose 78 = 10*n - r*n. Let p = 67 - n. What is the tens digit of p?
2
Let w(h) = -h**2 - 10*h + 28. Let y be w(-12). Suppose -58 = -y*d + 166. What is the tens digit of d?
5
Suppose 1450 = 3*b - 1040. What is the units digit of b?
0
Suppose 6 = -m + 263. Let k be 2/(-6)*(-4 - m). Suppose 2*z + 4*a - 50 = 0, -5*z + 108 = -4*a - k. What is the tens digit of z?
3
Let z(v) = 2*v**2 + 8*v + 6. Let p be z(-3). Suppose p = -8*g + 10*g - 482. What is the tens digit of g?
4
What is the hundreds digit of (2/13 + 3339/182)*72?
3
Suppose 4*g = 5*j + g - 7, 13 = 4*j + 5*g. Suppose 4*i = -w + 116, -j*i = 5*w + i - 512. What is the hundreds digit of w?
1
Let t be 9/(-3) - -13 - 2. Suppose -9*a + 111 = -t*a. Suppose -4*k + a = 3*m, m + 15 = k - 11. What is the tens digit of k?
2
Suppose 1 = -6*r + 1. Suppose -2*g + 3*c + 215 = r, -3*g + 176 = -4*c - 147. What is the hundreds digit of g?
1
Let i be (-212)/(-18) + 4/18. Suppose -871 = -5*l + 4*d, 2*d + d = -i. What is the tens digit of l?
7
Suppose 6 - 26 = -5*z. Suppose 2*i + 4*l = -24, -z*i = l + l + 36. Let u = 20 + i. What is the tens digit of u?
1
Let g(y) = 2*y - 15. Let v be g(9). Suppose v*z = -5*l + 135, -4*z + 6*l = l - 215. What is the tens digit of z?
5
Suppose -21*s + 14*s + 7616 = 0. What is the thousands digit of s?
1
Suppose -4*u + 2 = -p, -5 = -p - p - u. Let c be 168/40 + p/(-10). Suppose 0 = c*o - 0*o - 92. What is the tens digit of o?
2
Suppose 79*z - 75*z - 3504 = 0. What is the tens digit of z?
7
Let l(h) = -16*h - 28. Let x be l(-6). Suppose t - 30 = x. What is the tens digit of t?
9
Let y(c) = -c**2 - 7*c + 4. Let s be y(-4). Let w = s + -13. Suppose i - 48 = -2*i + 3*x, w*i + 4*x - 20 = 0. What is the units digit of i?
2
Let m = 126 - 40. Suppose 74 = 2*a - 3*r - m, 5*a + 3*r - 400 = 0. What is the units digit of a?
0
Let h be 0 + (-5 - 3) + -2. Let r be 8/h*(-25)/10. Suppose -r*l = 2*l - 4. What is the units digit of l?
1
Suppose -l = 4*l - 55. Suppose -w = 5*t - 6 - 12, -3*w - 14 = -2*t. Suppose -2*i = 5*k - l, i - 23 + t = 2*k. What is the tens digit of i?
1
Let g be ((-24)/(-9) - 2)*9/3. What is the units digit of 116 - (2 - g)/(-8 + 4)?
6
Let b = -3 + 5. Suppose -b*w + 0 = -6. Suppose -w*g + 2*i = -38, -i + 4*i = -2*g + 21. What is the units digit of g?
2
Suppose 4*z - 6110 = 2*z - t, 3*z + t = 9167. What is the units digit of z?
7
Let m(r) be the second derivative of -r**5/20 - r**4/3 - 5*r**3/6 - 5*r**2/2 - 6*r. What is the units digit of m(-3)?
1
Let m(n) = n**3 + 6*n**2 - 8*n - 1. Let a be m(-7). Let j = -9 + 9. Suppose -a = -j*r - r. What is the units digit of r?
6
Let t(h) = 744*h**2 - 48*h + 6. What is the tens digit of t(3)?
5
Let v(g) = 13*g**3 - 10*g**2 + 18*g + 13. Let y be v(6). Suppose -1879 = -16*i + y. What is the tens digit of i?
7
Let a be -10 - 2/3*3. Let j = 62 + -36. Let u = j + a. What is the tens digit of u?
1
Let s(n) = n**2 + 8*n + 12. What is the tens digit of s(-12)?
6
Let g be (-3 - -4)*(5 + -2). Suppose 0 = -6*a + g*a. Suppose a = -0*q - 4*q - 4*m + 20, m + 20 = 4*q. What is the units digit of q?
5
Let b = 2 - 12. Let z be (0 - b/(-4))*-2. Suppose -5*x + 10*x + z*o - 30 = 0, 5*o + 20 = 5*x. What is the units digit of x?
5
Suppose 3*a - 3*x - 36 = 0, -33 = -4*a + 5*x + 10. Suppose a*u - 4 = 16*u. Suppose -u*p + 5 = p. What is the units digit of p?
1
Let p = 5052 - 2453. What is the thousands digit of p?
2
Suppose -4*c - 202807 = -107*c. What is the units digit of c?
9
Suppose 2*d - 6 = -5*m, -2*d + 15 = 2*m + 3*d. Suppose -3*h + 6*h - 111 = m. What is the tens digit of h?
3
Suppose 0 = 7*d + 8*u - 4*u - 32206, 2*d - 9212 = 4*u. What is the tens digit of d?
0
Suppose 0*z + 246 = 3*z + o, -z = 3*o - 74. Suppose -16 - 9 = -5*c. Suppose -c*v + z = -57. What is the tens digit of v?
2
Suppose 3*s + 1091 = 7*s - 3*v, -281 = -s - 2*v. Suppose 3*n - s = z, 0*n - 365 = -4*n + z. Suppose -3*l - 2*l = -n. What is the units digit of l?
8
Let m(w) = -w**3 + 13*w**2 - 13*w + 18. Let o be m(12). Let v(i) = o*i - 6 - i - 3*i + i**2. What is the units digit of v(4)?
8
Let u(g) = 8*g**2 - 2*g + 1. Let f be u(-2). Let d be -3 + (-52)/(-16) - (-41)/(-4). Let m = f + d. What is the units digit of m?
7
Let p be ((-236)/(-6))/((-26)/39). What is the tens digit of 5/((-15)/p)*3?
5
Let k(y) = -4*y**2 - 37*y + 14. What is the tens digit of k(-9)?
2
Let l(w) = -381*w - 325. Wha